{"id":3808,"date":"2021-06-08T14:45:22","date_gmt":"2021-06-08T14:45:22","guid":{"rendered":"https:\/\/extremalnie.m-smart.pl\/?page_id=3808"},"modified":"2021-06-10T19:08:18","modified_gmt":"2021-06-10T19:08:18","slug":"rejs-gdansk-ostroda","status":"publish","type":"page","link":"https:\/\/extreme-club.pl\/?page_id=3808","title":{"rendered":"REJS GDA\u0143SK-OSTR\u00d3DA"},"content":{"rendered":"\t\t<div data-elementor-type=\"wp-post\" data-elementor-id=\"3808\" class=\"elementor elementor-3808\" data-elementor-settings=\"[]\">\n\t\t\t\t\t\t\t<div class=\"elementor-section-wrap\">\n\t\t\t\t\t\t\t<section class=\"elementor-section elementor-top-section elementor-element elementor-element-7116a5b2 elementor-section-boxed elementor-section-height-default elementor-section-height-default\" data-id=\"7116a5b2\" data-element_type=\"section\" data-settings=\"{&quot;background_background&quot;:&quot;classic&quot;}\">\n\t\t\t\t\t\t\t<div class=\"elementor-background-overlay\"><\/div>\n\t\t\t\t\t\t\t<div class=\"elementor-container elementor-column-gap-no\">\n\t\t\t\t\t<div class=\"elementor-column elementor-col-100 elementor-top-column elementor-element elementor-element-6439be06\" data-id=\"6439be06\" data-element_type=\"column\" data-settings=\"{&quot;background_background&quot;:&quot;classic&quot;}\">\n\t\t\t<div class=\"elementor-widget-wrap elementor-element-populated\">\n\t\t\t\t\t\t\t\t<div class=\"elementor-element elementor-element-198df6ee elementor-widget elementor-widget-heading\" data-id=\"198df6ee\" data-element_type=\"widget\" data-widget_type=\"heading.default\">\n\t\t\t\t<div class=\"elementor-widget-container\">\n\t\t\t<h1 class=\"elementor-heading-title elementor-size-default\">Rejs Ostr\u00f3da - Gda\u0144sk<\/h1>\t\t<\/div>\n\t\t\t\t<\/div>\n\t\t\t\t\t<\/div>\n\t\t<\/div>\n\t\t\t\t\t\t\t<\/div>\n\t\t<\/section>\n\t\t\t\t<section class=\"elementor-section elementor-top-section elementor-element elementor-element-d5a46b6 elementor-section-boxed elementor-section-height-default elementor-section-height-default\" data-id=\"d5a46b6\" data-element_type=\"section\">\n\t\t\t\t\t\t<div class=\"elementor-container elementor-column-gap-default\">\n\t\t\t\t\t<div class=\"elementor-column elementor-col-50 elementor-top-column elementor-element elementor-element-06ec398\" data-id=\"06ec398\" data-element_type=\"column\">\n\t\t\t<div class=\"elementor-widget-wrap elementor-element-populated\">\n\t\t\t\t\t\t\t\t<div class=\"elementor-element elementor-element-28406d0 elementor-widget elementor-widget-text-editor\" data-id=\"28406d0\" data-element_type=\"widget\" data-widget_type=\"text-editor.default\">\n\t\t\t\t<div class=\"elementor-widget-container\">\n\t\t\t\t\t\t\t<p>Polska jest poprzecinana systemem kana\u0142\u00f3w i rzek tworz\u0105cych po\u0142\u0105czenia, o kt\u00f3rych istnieniu zwyk\u0142y \u201ezjadacz chleba\u201d nie do ko\u0144ca zdaje sobie spraw\u0119, a ju\u017c na pewno niewielu potrafi odpowiednio ten fakt wykorzysta\u0107. Na szcz\u0119\u015bcie dla nas nie jest on \u017cadn\u0105 tajemnic\u0105 i wiemy co zrobi\u0107, by stworzy\u0107 doskona\u0142\u0105 przygod\u0119 na \u015br\u00f3dl\u0105dowych wodach! Zapraszamy Pa\u0144stwa na niezwyk\u0142y rejs!<br \/>Malownicza trasa z Gda\u0144ska do Ostr\u00f3dy to oko\u0142o 150 km wodnej trasy wiod\u0105cej przez Martw\u0105 Wis\u0142\u0119, Szkarpaw\u0119 i Kana\u0142 Elbl\u0105ski. Opr\u00f3cz niezwyk\u0142ych krajobraz\u00f3w Pomorza, \u017bu\u0142aw, Warmii i Mazur, szlak sw\u0105 wyj\u0105tkowo\u015b\u0107 zawdzi\u0119cza unikalnemu w skali \u015bwiatowej systemowi pochylni. Zaprojektowane przez Georga Jacoba Steenke i uruchomione w 1860 roku pochylnie s\u0105 zabytkiem techniki i pomnikiem historii bez precedensu. Nap\u0119dzane jedynie si\u0142\u0105 spadaj\u0105cej wody urz\u0105dzenia transportuj\u0105 statki jachty na wielkich szynowych w\u00f3zkach \u201epo trawie\u201d pokonuj\u0105c tym samym prawie 100-metrow\u0105 r\u00f3\u017cnic\u0119 poziomu w\u00f3d.<br \/>Nasz rejs nie jest jedynie wycieczk\u0105 krajoznawcz\u0105, ale tak\u017ce emocjonuj\u0105c\u0105 wypraw\u0105 na najlepszym sprz\u0119cie, kt\u00f3ry pozwoli pokona\u0107 szlak w mo\u017cliwie najszybszym czasie! Do Pa\u0144stwa dyspozycji oddajemy motor\u00f3wk\u0119 Sea Doo Wake 230, RIB-y SPORTIS 740 i GRAND 650, a tak\u017ce skutery wodne marki SEA DOO: GTI, GTS oraz jedyny w swoim rodzaju SEA DOO SPARK .<\/p>\t\t\t\t\t\t<\/div>\n\t\t\t\t<\/div>\n\t\t\t\t\t<\/div>\n\t\t<\/div>\n\t\t\t\t<div class=\"elementor-column elementor-col-50 elementor-top-column elementor-element elementor-element-de586f5\" data-id=\"de586f5\" data-element_type=\"column\">\n\t\t\t<div class=\"elementor-widget-wrap elementor-element-populated\">\n\t\t\t\t\t\t\t\t<div class=\"elementor-element elementor-element-63e0f71 elementor-widget elementor-widget-image\" data-id=\"63e0f71\" data-element_type=\"widget\" data-widget_type=\"image.default\">\n\t\t\t\t<div class=\"elementor-widget-container\">\n\t\t\t\t\t\t\t\t\t\t\t\t\t\t\t<img width=\"1024\" height=\"681\" src=\"https:\/\/extreme-club.pl\/wp-content\/uploads\/2021\/06\/rejs_gdansk_ostroda_03-1-1024x681.jpg\" class=\"attachment-large size-large\" alt=\"\" loading=\"lazy\" srcset=\"https:\/\/extreme-club.pl\/wp-content\/uploads\/2021\/06\/rejs_gdansk_ostroda_03-1-1024x681.jpg 1024w, https:\/\/extreme-club.pl\/wp-content\/uploads\/2021\/06\/rejs_gdansk_ostroda_03-1-300x200.jpg 300w, https:\/\/extreme-club.pl\/wp-content\/uploads\/2021\/06\/rejs_gdansk_ostroda_03-1-768x511.jpg 768w, https:\/\/extreme-club.pl\/wp-content\/uploads\/2021\/06\/rejs_gdansk_ostroda_03-1.jpg 1200w\" sizes=\"(max-width: 1024px) 100vw, 1024px\" \/>\t\t\t\t\t\t\t\t\t\t\t\t\t\t\t<\/div>\n\t\t\t\t<\/div>\n\t\t\t\t<div class=\"elementor-element elementor-element-517897f elementor-widget elementor-widget-image\" data-id=\"517897f\" data-element_type=\"widget\" data-widget_type=\"image.default\">\n\t\t\t\t<div class=\"elementor-widget-container\">\n\t\t\t\t\t\t\t\t\t\t\t\t\t\t\t<img width=\"1024\" height=\"681\" src=\"https:\/\/extreme-club.pl\/wp-content\/uploads\/2021\/06\/rejs_gdansk_ostroda_02-1024x681.jpg\" class=\"attachment-large size-large\" alt=\"\" loading=\"lazy\" srcset=\"https:\/\/extreme-club.pl\/wp-content\/uploads\/2021\/06\/rejs_gdansk_ostroda_02-1024x681.jpg 1024w, https:\/\/extreme-club.pl\/wp-content\/uploads\/2021\/06\/rejs_gdansk_ostroda_02-300x200.jpg 300w, https:\/\/extreme-club.pl\/wp-content\/uploads\/2021\/06\/rejs_gdansk_ostroda_02-768x511.jpg 768w, https:\/\/extreme-club.pl\/wp-content\/uploads\/2021\/06\/rejs_gdansk_ostroda_02.jpg 1200w\" sizes=\"(max-width: 1024px) 100vw, 1024px\" \/>\t\t\t\t\t\t\t\t\t\t\t\t\t\t\t<\/div>\n\t\t\t\t<\/div>\n\t\t\t\t\t<\/div>\n\t\t<\/div>\n\t\t\t\t\t\t\t<\/div>\n\t\t<\/section>\n\t\t\t\t\t\t<\/div>\n\t\t\t\t\t<\/div>\n\t\t","protected":false},"excerpt":{"rendered":"<p>Rejs Ostr\u00f3da &#8211; Gda\u0144sk Polska jest poprzecinana systemem kana\u0142\u00f3w i rzek tworz\u0105cych po\u0142\u0105czenia, o kt\u00f3rych istnieniu zwyk\u0142y \u201ezjadacz chleba\u201d nie do ko\u0144ca zdaje sobie spraw\u0119, a ju\u017c na pewno niewielu potrafi odpowiednio ten fakt wykorzysta\u0107. Na szcz\u0119\u015bcie dla nas nie jest on \u017cadn\u0105 tajemnic\u0105 i wiemy co zrobi\u0107, by stworzy\u0107 doskona\u0142\u0105 przygod\u0119 na \u015br\u00f3dl\u0105dowych wodach! &hellip;<\/p>\n<p class=\"read-more\"> <a class=\"\" href=\"https:\/\/extreme-club.pl\/?page_id=3808\"> <span class=\"screen-reader-text\">REJS GDA\u0143SK-OSTR\u00d3DA<\/span> Read More &raquo;<\/a><\/p>\n","protected":false},"author":1,"featured_media":0,"parent":0,"menu_order":0,"comment_status":"closed","ping_status":"closed","template":"","meta":[],"_links":{"self":[{"href":"https:\/\/extreme-club.pl\/index.php?rest_route=\/wp\/v2\/pages\/3808"}],"collection":[{"href":"https:\/\/extreme-club.pl\/index.php?rest_route=\/wp\/v2\/pages"}],"about":[{"href":"https:\/\/extreme-club.pl\/index.php?rest_route=\/wp\/v2\/types\/page"}],"author":[{"embeddable":true,"href":"https:\/\/extreme-club.pl\/index.php?rest_route=\/wp\/v2\/users\/1"}],"replies":[{"embeddable":true,"href":"https:\/\/extreme-club.pl\/index.php?rest_route=%2Fwp%2Fv2%2Fcomments&post=3808"}],"version-history":[{"count":10,"href":"https:\/\/extreme-club.pl\/index.php?rest_route=\/wp\/v2\/pages\/3808\/revisions"}],"predecessor-version":[{"id":4797,"href":"https:\/\/extreme-club.pl\/index.php?rest_route=\/wp\/v2\/pages\/3808\/revisions\/4797"}],"wp:attachment":[{"href":"https:\/\/extreme-club.pl\/index.php?rest_route=%2Fwp%2Fv2%2Fmedia&parent=3808"}],"curies":[{"name":"wp","href":"https:\/\/api.w.org\/{rel}","templated":true}]}}